ase 13) in base 3?
-1201
Convert 3 (base 16) to base 14.
3
512 (base 7) to base 11
211
Convert -11201 (base 3) to base 5.
-1002
-1301 (base 4) to base 10
-113
-4 (base 15) to base 2
-100
56 (base 11) to base 7
115
What is -5 (base 13) in base 8?
-5
Convert 1122 (base 3) to base 10.
44
What is -2 (base 8) in base 9?
-2
Convert 0 (base 12) to base 14.
0
What is 7 (base 9) in base 7?
10
Convert -12 (base 7) to base 16.
-9
2 (base 3) to base 2
10
-7a (base 11) to base 5
-322
98 (base 16) to base 4
2120
-112 (base 5) to base 14
-24
Convert -131 (base 16) to base 13.
-1a6
-1d (base 16) to base 13
-23
What is -110 (base 3) in base 11?
-11
Convert -11101 (base 2) to base 10.
-29
What is 66 (base 15) in base 10?
96
-4 (base 8) to base 7
-4
24 (base 16) to base 12
30
What is -10001110 (base 2) in base 7?
-262
What is 8 (base 13) in base 5?
13
3 (base 12) to base 15
3
-9 (base 10) to base 5
-14
Convert -6 (base 15) to base 7.
-6
What is -3 (base 14) in base 4?
-3
What is -1 (base 12) in base 15?
-1
What is 194 (base 12) in base 7?
514
Convert ca (base 13) to base 16.
a6
Convert -4 (base 14) to base 7.
-4
410 (base 5) to base 2
1101001
What is -11 (base 8) in base 16?
-9
What is 10 (base 6) in base 15?
6
-1001 (base 5) to base 7
-240
What is -69 (base 12) in base 11?
-74
What is -a0 (base 14) in base 2?
-10001100
What is -123 (base 6) in base 12?
-43
What is 6 (base 7) in base 12?
6
Convert -2 (base 14) to base 10.
-2
What is c (base 14) in base 12?
10
Convert -21 (base 3) to base 15.
-7
Convert 4 (base 8) to base 10.
4
Convert 0 (base 14) to base 11.
0
What is -13 (base 10) in base 9?
-14
What is 0 (base 15) in base 14?
0
What is -20 (base 5) in base 12?
-a
What is -125 (base 7) in base 2?
-1000100
What is 13 (base 4) in base 9?
7
267 (base 8) to base 13
111
What is 1 (base 9) in base 6?
1
-4 (base 7) to base 13
-4
Convert -114 (base 11) to base 9.
-161
-86 (base 16) to base 8
-206
What is -1 (base 15) in base 4?
-1
What is 231 (base 6) in base 13?
70
-88 (base 12) to base 9
-125
What is 7 (base 10) in base 3?
21
What is 156 (base 8) in base 14?
7c
Convert -6 (base 9) to base 14.
-6
-25 (base 13) to base 7
-43
What is 23 (base 4) in base 2?
1011
Convert 233 (base 6) to base 3.
10110
-1a (base 16) to base 3
-222
What is -70 (base 12) in base 3?
-10010
-1001 (base 3) to base 7
-40
Convert 4 (base 10) to base 9.
4
Convert 11 (base 3) to base 5.
4
-250 (base 7) to base 14
-97
6c (base 14) to base 3
10120
What is -1 (base 9) in base 13?
-1
Convert 3 (base 12) to base 8.
3
-1 (base 12) to base 4
-1
14 (base 11) to base 9
16
What is 2 (base 4) in base 2?
10
Convert -13 (base 7) to base 9.
-11
-124 (base 10) to base 4
-1330
-11 (base 14) to base 4
-33
-3 (base 13) to base 4
-3
Convert 33 (base 16) to base 10.
51
-2 (base 7) to base 9
-2
What is 10 (base 7) in base 6?
11
Convert 255 (base 8) to base 16.
ad
14 (base 15) to base 12
17
-10 (base 3) to base 5
-3
-11c (base 13) to base 15
-ce
What is -17 (base 15) in base 3?
-211
-1 (base 8) to base 10
-1
Convert -39 (base 10) to base 7.
-54
What is 25 (base 8) in base 2?
10101
What is 23 (base 4) in base 10?
11
-104 (base 10) to base 8
-150
12 (base 3) to base 12
5
Convert -7 (base 14) to base 10.
-7
What is -1 (base 7) in base 8?
-1
What is -1000000 (base 2) in base 10?
-64
What is -11 (base 2) in base 3?
-10
236 (base 11) to base 14
161
What is -11 (base 3) in base 2?
-100
Convert 1c (base 13) to base 12.
21
What is 22101 (base 3) in base 7?
442
Convert -7 (base 15) to base 2.
-111
0 (base 9) to base 5
0
Convert 16b (base 12) to base 9.
272
Convert 11 (base 6) to base 9.
7
Convert -11 (base 5) to base 9.
-6
-8 (base 16) to base 3
-22
What is 3 (base 7) in base 14?
3
Convert 201 (base 4) to base 15.
23
What is -1 (base 10) in base 13?
-1
Convert -53 (base 8) to base 12.
-37
Convert -2 (base 6) to base 14.
-2
-110101 (base 2) to base 14
-3b
What is -17 (base 14) in base 3?
-210
6d (base 14) to base 10
97
Convert 0 (base 15) to base 5.
0
Convert 6 (base 12) to base 13.
6
1 (base 3) to base 13
1
-112 (base 3) to base 8
-16
Convert 82 (base 10) to base 12.
6a
What is 29 (base 16) in base 7?
56
-2 (base 16) to base 4
-2
114 (base 7) to base 9
66
What is -5 (base 15) in base 2?
-101
4 (base 9) to base 14
4
38 (base 15) to base 11
49
Convert 1 (base 16) to base 6.
1
Convert 221 (base 5) to base 12.
51
-a4 (base 11) to base 5
-424
What is 5 (base 10) in base 6?
5
What is 1 (base 14) in base 3?
1
What is -1 (base 12) in base 7?
-1
Convert -234 (base 7) to base 10.
-123
What is 5d (base 15) in base 14?
64
What is 213 (base 7) in base 12?
90
-2 (base 9) to base 8
-2
70 (base 15) to base 10
105
What is -3 (base 16) in base 5?
-3
21 (base 13) to base 3
1000
What is -12 (base 7) in base 2?
-1001
-1122 (base 5) to base 12
-116
42 (base 12) to base 15
35
What is 20 (base 3) in base 12?
6
What is -2b (base 13) in base 16?
-25
What is 20 (base 5) in base 16?
a
Convert -6 (base 10) to base 13.
-6
Convert -111 (base 4) to base 13.
-18
-1 (base 7) to base 15
-1
Convert 4 (base 11) to base 15.
4
-142 (base 16) to base 14
-190
Convert -11 (base 2) to base 10.
-3
Convert 1 (base 2) to base 13.
1
Convert -1 (base 14) to base 6.
-1
What is 25 (base 7) in base 5?
34
-184 (base 9) to base 14
-b3
Convert -14 (base 7) to base 12.
-b
34 (base 15) to base 12
41
100 (base 3) to base 15
9
What is -21 (base 6) in base 4?
-31
What is -2d (base 15) in base 2?
-101011
Convert -37 (base 8) to base 6.
-51
38 (base 11) to base 13
32
What is -13 (base 11) in base 8?
-16
What is 12 (base 6) in base 9?
8
Convert 11101 (base 2) to base 4.
131
521 (base 7) to base 2
100000100
-104 (base 5) to base 3
-1002
What is -420 (base 5) in base 7?
-215
12 (base 16) to base 7
24
Convert 28 (base 16) to base 12.
34
What is -14 (base 16) in base 11?
-19
-200 (base 4) to base 10
-32
-59 (base 10) to base 3
-2012
-112 (base 3) to base 6
-22
Convert -85 (base 12) to base 4.
-1211
Convert -10111 (base 2) to base 14.
-19
What is 46 (base 16) in base 5?
240
-8 (base 13) to base 7
-11
What is 4 (base 9) in base 5?
4
What is -45 (base 16) in base 3?
-2120
-58 (base 10) to base 2
-111010
Convert 225 (base 10) to base 5.
1400
What is -4 (base 5) in base 2?
-100
Convert 1011 (base 2) to base 10.
11
What is -30 (base 5) in base 16?
-f
10 (base 6) to base 14
6
What is -150 (base 7) in base 16?
-54
Convert -6 (base 12) to base 11.
-6
Convert 60 (base 11) to base 2.
1000010
7 (base 12) to base 6
11
Convert -12 (base 10) to base 13.
-c
What is -1 (base 10) in base 3?
-1
What is -2e (base 15) in base 4?
-230
Convert 53 (base 7) to base 9.
42
What is -33 (base 14) in base 13?
-36
Convert -3 (base 11) to base 10.
-3
-1 (base 9) to base 11
-1
-10000110 (base 2) to base 6
-342
Convert 2 (base 13) to base 8.
2
Convert 2 (base 6) to base 3.
2
aa (base 15) to base 2
10100000
10 (base 2) to base 15
2
-136 (base 11) to base 15
-aa
What is 59 (base 15) in base 16?
54
-b (base 15) to base 3
-102
What is -5 (base 15) in base 14?
-5
Convert -11110 (base 2) to base 9.
-33
What is -81 (base 9) in base 10?
-73
Convert 9 (base 11) to base 3.
100
What is 23 (base 12) in base 2?
11011
Convert 14 (base 7) to base 11.
10
-4 (base 12) to base 4
-10
What is 3 (base 9) in base 5?
3
-37 (base 16) to base 7
-106
1 (base 14) to base 10
1
-12 (base 10) to base 7
-15
20 (base 11) to base 12
1a
-5 (base 15) to base 11
-5
What is 201 (base 11) in base 14?
135
-9 (base 12) to base 6
-13
What is -4 (base 14) in base 11?
-4
Convert 4 (base 15) to base 11.
4
What is -10 (base 10) in base 9?
-11
Convert 131 (base 7) to base 10.
71
-2 (base 13) to base 7
-2
34 (base 6) to base 13
19
Convert -112 (base 4) to base 16.
-16
21 (base 16) to base 13
27
What is 4 (base 9) in base 13?
4
1001 (base 2) to base 9
10
Convert 28 (base 10) to base 15.
1d
Convert 12 (base 3) to base 16.
5
What is -100 (base 2) in base 16?
-4
-1b (base 12) to base 5
-43
Convert -2 (base 7) to base 6.
-2
-52 (base 8) to base 14
-30
What is 14 (base 5) in base 4?
21
13 (base 11) to base 15
e
-5 (base 9) to base 13
-5
What is -4 (base 7) in base 16?
-4
-16 (base 13) to base 2
-10011
Convert -222 (base 3) to base 5.
-101
Convert 75 (base 15) to base 10.
110
-313 (base 4) to base 11
-50
What is -3 (base 15) in base 3?
-10
-1 (base 5) to base 8
-1
Convert -134